= -14. Let z = -12 + 27. What is the remainder when z is divided by u?
3
Let q(s) = 7*s + 143. Let j be q(-20). Suppose 4*x = -j*r + 134, -12*r + 10*r = x - 31. Calculate the remainder when x is divided by 17.
1
Let k(w) = -w**3 - 16*w**2 - w - 2. Let c = 1110 + -1085. What is the remainder when c is divided by k(-16)?
11
Calculate the remainder when 8872 is divided by -2 + 1 + (-2472)/(-103) + (-7 - -1).
15
Suppose 4*r + 15 = -4*o + 8147, -r = 3*o - 6103. What is the remainder when o is divided by 21?
19
Suppose -2*d = -2*z + 192, 12*d - 13*d = 4*z - 409. Calculate the remainder when z is divided by 12.
5
What is the remainder when (-6)/(-13) + (1995256/221)/8 is divided by 8?
1
Let k(r) = r**2 + r + 89. Let o(s) = 2*s + 27. Let a be o(-12). Suppose -5*h + 10 = a*b + 1, -6 = h - 2*b. Calculate the remainder when k(h) is divided by 31.
27
Let c be (1*-1)/((-14)/(6 - 62)). Calculate the remainder when 206/4 - ((-81)/18 - c) is divided by 4/(-30)*-3*35.
10
Let x(y) = y**3 - 21*y**2 + 38*y - 26. Let q be x(19). Calculate the remainder when ((-88)/7)/(q/91) is divided by 32.
12
Suppose -39 = -5*r + 76. Suppose -25 = -i - 0*i. Suppose 0 = 4*x + i - 73. Calculate the remainder when r is divided by x.
11
Suppose 2*i = 47 - 41. Suppose 3*d + 2*d + 45 = 3*u, i*u - 3*d = 39. What is the remainder when u is divided by 10?
0
Suppose -14*k + 6374 = v, -k = -4*v - 152 - 287. What is the remainder when k is divided by 99?
59
Let m be ((-50)/25)/(1/(-3)). Suppose m*b - 7*b = 5*c - 244, 0 = -5*b + 20. Calculate the remainder when 141 is divided by c.
45
Calculate the remainder when 16/(-10) - (-2306428)/1180 is divided by 22.
17
Let q = -12949 - -15346. What is the remainder when q is divided by 218?
217
Suppose l - 4*b = -10, -516*l + 513*l + 18 = 4*b. What is the remainder when 106 is divided by l?
0
Suppose -790*b + 180958 = 256*b. What is the remainder when b is divided by (-4 + 0)/(2/(-16))?
13
Suppose -241*t = -204*t - 740. Suppose -6*v = -3*v + 3*m - 294, 490 = 5*v + 2*m. What is the remainder when v is divided by t?
18
Let k = 76 + 43. Let m = 120 + k. Calculate the remainder when m is divided by 61.
56
Suppose -5*z = -2*j - 358, 0 = -5*z - 2*j - 3*j + 330. Let i = 47 + -5. Calculate the remainder when z is divided by 1062/i + -1*2/7.
20
Suppose -j - 51 = -5*t, -j + 4*t + 60 = -2*j. Let x = -49 - j. Suppose 4*h - x*h + 33 = 0. What is the remainder when 41 is divided by h?
8
Suppose -5*r = 5*j - 1045, -4*r - 229 = -j - r. Calculate the remainder when j is divided by (66/99)/((-1)/36*-3).
6
Let s(o) = 129*o - 1765. What is the remainder when 539 is divided by s(14)?
6
Let a(i) = 8*i - 5. Let h = -6 - -13. What is the remainder when a(h) is divided by 1 - 28*(-20)/70?
6
Suppose 5*v - v = -12. Let o(g) = -4*g - 2. Let k = -11 + 89. What is the remainder when k is divided by o(v)?
8
Calculate the remainder when 532 is divided by 532 - ((-45)/35)/(45/(-210)).
6
Suppose 52 = 15*j - 2*j. Suppose -306 = -j*c - 5*l, c - 399 = -4*c + 2*l. Calculate the remainder when c is divided by (81 + 1)*(-2)/(-4).
38
Suppose -319*g = 73*g + 71*g - 43985. What is the remainder when 11113 is divided by g?
93
Let i(q) = 3*q**3 + 17*q**2 + 10*q - 24. Let m be i(-6). Calculate the remainder when 130 is divided by 1 - (m/8 - 5/1).
4
Suppose -j = 2*q - 22, 5 = 3*q - 4*j - 6. Let o(g) = 620*g + 41. Calculate the remainder when o(0) is divided by q.
5
Suppose -642 = -30*h + 768. Suppose -4*z = -5*a - 180 + h, 2*z = 5*a + 79. What is the remainder when 46 is divided by z?
19
Let k be (-8)/(-3)*-39 + (1 - 4). Calculate the remainder when (-2 + k - 2)*-1 is divided by 38.
35
Suppose -873*d = -856*d - 272. Calculate the remainder when 90 is divided by d.
10
Let o = 17014 - 16491. Calculate the remainder when o is divided by 19.
10
Let b = 6059 + -5271. What is the remainder when b is divided by 359?
70
Suppose -2*f = 3*v - 84, 4*v - 115 = -3*f + 5*v. Calculate the remainder when 1337/382*(2 - -28) is divided by f.
27
Let a(m) = -m**2 - m + 4. Let c be a(1). Suppose c*t - 14 - 24 = 0. Let z(p) = 3*p**2 - 5*p - 4. Calculate the remainder when z(6) is divided by t.
17
Suppose -10*t + 25386 = 21*t - 30135. Calculate the remainder when t is divided by 199.
0
Let v = 9781 + -9693. Calculate the remainder when 1574 is divided by v.
78
Let y = 1568 + -1045. Let f = y - 374. Calculate the remainder when f is divided by 30.
29
Suppose -10192 = -15*s + 15758. What is the remainder when s is divided by 248?
242
Let i(z) = 9*z**2 - 31*z - 3. Let k be i(4). Suppose 289 = 17*s - k. What is the remainder when 196 is divided by s?
16
Calculate the remainder when 569 is divided by (92/(1/1))/(1016/2032).
17
Suppose 2*x - 54 = 3*y - 130, -4*y + 106 = 2*x. Let p be (-387)/(-27) + 4/6. Suppose p*q - 465 = 1035. What is the remainder when q is divided by y?
22
What is the remainder when (-17*80/5)/(1/(-2)) is divided by 521?
23
Suppose -204 = -17*i - 51. Suppose i*g = -21*g + 750. Calculate the remainder when 136 is divided by g.
11
Let y(z) = -5*z + 2. Suppose 3*l = 4*o + 14, l + 3*o + 1 + 3 = 0. Let i be y(l). Calculate the remainder when i + 10/2 - (-26 - -1) is divided by 14.
8
Suppose 0 = 4*t - 4, -y + t + 41 + 38 = 0. What is the remainder when (-7095)/10*6/(-9) + (5 - 1) is divided by y?
77
Let x = 107 + -54. Let o = x + -38. Calculate the remainder when (3390/(-360))/113 + (-2810)/(-24) is divided by o.
12
Let t(z) = -z**3 + 1. Suppose 0 = -4*m + 5*m. Let a be t(m). Let v(k) = 59*k**3 + k**2 + k - 2. Calculate the remainder when v(a) is divided by 20.
19
Let d be 46/345 + (-4)/30. Calculate the remainder when (2/5)/(4/1120 - d) is divided by 17.
10
Calculate the remainder when 437 is divided by 5709/132 + (-30)/24 + 2.
41
Suppose 2 + 0 = 2*r, -4*r = 5*k - 79. Let l = -104 - -173. What is the remainder when l is divided by k?
9
Suppose w = 6*w + 940. Let h = -29 - w. What is the remainder when h is divided by 18?
15
Let m be -1*(-3)/(-12) + 45/36. What is the remainder when (-1*m)/(26/(-2158)) is divided by 17?
15
Let b = -4922 + 4976. Let i = -39 + 58. What is the remainder when b is divided by i?
16
Let s be 21/14 + 14*(-327)/(-12). Let g = -167 + s. Calculate the remainder when g is divided by 17.
12
Let i(h) be the first derivative of 3*h**2/2 - 2*h - 103. What is the remainder when i(14) is divided by 4?
0
Let p(j) = 2*j**2 - 9*j - 38. Let h = -410 + 407. Calculate the remainder when 102 is divided by p(h).
4
Let p(y) = 26*y + 232. Calculate the remainder when 149 is divided by p(-7).
49
Let i(y) = -y**2 - 109*y + 1086. Suppose -6*f = -f + 445. Let g = f - -133. What is the remainder when g is divided by i(9)?
20
Let v(h) = -h**3 - 7*h**2 - 8*h + 5. Let d be 82/(-451) + 167/11. Suppose 0 + 480 = d*b. Calculate the remainder when b is divided by v(-6).
15
Let f(m) = -8*m**3 - 36*m**2 - 4*m - 6. What is the remainder when f(-5) is divided by 24?
18
Let l = 61 - 44. Suppose 0 = -5*k + 20, -2*d + 39 - 1 = -5*k. Suppose -d*w + 12 = -27*w. What is the remainder when l is divided by w?
5
Let o(b) = 5*b**2 - 13*b - 67. Calculate the remainder when o(-10) is divided by 30.
23
Suppose -19*l + 301219 = 11*c - 16*l, 54764 = 2*c - l. What is the remainder when c is divided by 168?
167
Calculate the remainder when 5374 is divided by -21*(-1180 - -1183 - ((1 - 2) + 8)).
82
Let a(d) = -d**3 + 4*d**2 + d + 1. Let q be a(4). Suppose -5*n - 210 = -5*g, 5*g = 8*g + q*n - 110. Calculate the remainder when 277 is divided by g.
37
Let v(n) be the first derivative of 2*n**3/3 + 11*n**2/2 - 15*n - 236. Calculate the remainder when 445 is divided by v(-10).
70
Let a = -527 + 547. Suppose -84 = -a*o + 13*o. Calculate the remainder when 67 is divided by o.
7
What is the remainder when ((-224)/460 - (-12)/138) + (-3814)/(-10) is divided by 55?
51
Let h(q) = 6*q**2 - 18*q - 51. What is the remainder when 522 is divided by h(-3)?
9
Suppose 4*c - 46 = -i - i, -2*c - 142 = -4*i. Let m(o) = o**3 + 149*o - 776. What is the remainder when m(5) is divided by i?
28
Suppose 12*k - 1750 - 210 = -8*k. What is the remainder when 2487 is divided by k?
37
Let w = -46 - -47. Let u be w/6 + 5/(-30). Suppose -2*b = -u*b - 4*o - 18, 0 = -2*b - 2*o + 30. What is the remainder when 21 is divided by b?
8
Suppose -5*z + 101 = o, -2*o - 385 = 